{"id":165366,"date":"2019-01-11T11:48:22","date_gmt":"2019-01-11T16:48:22","guid":{"rendered":"http:\/\/corpoguajira.gov.co\/wp\/wp-content\/uploads\/2019\/01\/CORTES\u00cdA-NOTA-3.jpg"},"modified":"2019-01-11T11:48:22","modified_gmt":"2019-01-11T16:48:22","slug":"cortesia-nota-3","status":"inherit","type":"attachment","link":"https:\/\/corpoguajira.gov.co\/wp\/sabias-que-9\/cortesia-nota-3\/","title":{"rendered":"CORTES\u00cdA NOTA 3"},"author":4,"comment_status":"open","ping_status":"closed","template":"","meta":[],"yoast_head":"<!-- This site is optimized with the Yoast SEO plugin v18.5.1 - https:\/\/yoast.com\/wordpress\/plugins\/seo\/ -->\n<title>CORTES\u00cdA NOTA 3 | Corpoguajira<\/title>\n<meta name=\"robots\" content=\"index, follow, max-snippet:-1, max-image-preview:large, max-video-preview:-1\" \/>\n<link rel=\"canonical\" href=\"https:\/\/www.corpoguajira.gov.co\/wp\/wp-content\/uploads\/2019\/01\/CORTES\u00cdA-NOTA-3.jpg\" \/>\n<meta property=\"og:locale\" content=\"es_ES\" \/>\n<meta property=\"og:type\" content=\"article\" \/>\n<meta property=\"og:title\" content=\"CORTES\u00cdA NOTA 3 | Corpoguajira\" \/>\n<meta property=\"og:url\" content=\"https:\/\/www.corpoguajira.gov.co\/wp\/wp-content\/uploads\/2019\/01\/CORTES\u00cdA-NOTA-3.jpg\" \/>\n<meta property=\"og:site_name\" content=\"Corporaci\u00f3n Aut\u00f3noma Regional de La Guajira\" \/>\n<meta property=\"og:image\" content=\"https:\/\/www.corpoguajira.gov.co\/wp\/wp-content\/uploads\/2019\/01\/CORTES\u00cdA-NOTA-3.jpg\" \/>\n\t<meta property=\"og:image:width\" content=\"348\" \/>\n\t<meta property=\"og:image:height\" content=\"257\" \/>\n\t<meta property=\"og:image:type\" content=\"image\/jpeg\" \/>\n<script type=\"application\/ld+json\" class=\"yoast-schema-graph\">{\"@context\":\"https:\/\/schema.org\",\"@graph\":[{\"@type\":\"WebSite\",\"@id\":\"https:\/\/corpoguajira.gov.co\/wp\/#website\",\"url\":\"https:\/\/corpoguajira.gov.co\/wp\/\",\"name\":\"Corporaci\u00f3n Aut\u00f3noma Regional de La Guajira\",\"description\":\"La Sostenibilidad Ambiental, un Compromiso de Todos\",\"potentialAction\":[{\"@type\":\"SearchAction\",\"target\":{\"@type\":\"EntryPoint\",\"urlTemplate\":\"https:\/\/corpoguajira.gov.co\/wp\/?s={search_term_string}\"},\"query-input\":\"required name=search_term_string\"}],\"inLanguage\":\"es\"},{\"@type\":\"WebPage\",\"@id\":\"https:\/\/www.corpoguajira.gov.co\/wp\/wp-content\/uploads\/2019\/01\/CORTES\u00cdA-NOTA-3.jpg#webpage\",\"url\":\"https:\/\/www.corpoguajira.gov.co\/wp\/wp-content\/uploads\/2019\/01\/CORTES\u00cdA-NOTA-3.jpg\",\"name\":\"CORTES\u00cdA NOTA 3 | Corpoguajira\",\"isPartOf\":{\"@id\":\"https:\/\/corpoguajira.gov.co\/wp\/#website\"},\"datePublished\":\"2019-01-11T16:48:22+00:00\",\"dateModified\":\"2019-01-11T16:48:22+00:00\",\"breadcrumb\":{\"@id\":\"https:\/\/www.corpoguajira.gov.co\/wp\/wp-content\/uploads\/2019\/01\/CORTES\u00cdA-NOTA-3.jpg#breadcrumb\"},\"inLanguage\":\"es\",\"potentialAction\":[{\"@type\":\"ReadAction\",\"target\":[\"https:\/\/www.corpoguajira.gov.co\/wp\/wp-content\/uploads\/2019\/01\/CORTES\u00cdA-NOTA-3.jpg\"]}]},{\"@type\":\"BreadcrumbList\",\"@id\":\"https:\/\/www.corpoguajira.gov.co\/wp\/wp-content\/uploads\/2019\/01\/CORTES\u00cdA-NOTA-3.jpg#breadcrumb\",\"itemListElement\":[{\"@type\":\"ListItem\",\"position\":1,\"name\":\"Corpoguajira\",\"item\":\"https:\/\/corpoguajira.gov.co\/wp\/\"},{\"@type\":\"ListItem\",\"position\":2,\"name\":\"Noticias\",\"item\":\"https:\/\/corpoguajira.gov.co\/wp\/noticias\/\"},{\"@type\":\"ListItem\",\"position\":3,\"name\":\"\u00bfSab\u00edas qu\u00e9?\",\"item\":\"https:\/\/corpoguajira.gov.co\/wp\/sabias-que-9\/\"},{\"@type\":\"ListItem\",\"position\":4,\"name\":\"CORTES\u00cdA NOTA 3\"}]}]}<\/script>\n<!-- \/ Yoast SEO plugin. -->","yoast_head_json":{"title":"CORTES\u00cdA NOTA 3 | Corpoguajira","robots":{"index":"index","follow":"follow","max-snippet":"max-snippet:-1","max-image-preview":"max-image-preview:large","max-video-preview":"max-video-preview:-1"},"canonical":"https:\/\/www.corpoguajira.gov.co\/wp\/wp-content\/uploads\/2019\/01\/CORTES\u00cdA-NOTA-3.jpg","og_locale":"es_ES","og_type":"article","og_title":"CORTES\u00cdA NOTA 3 | Corpoguajira","og_url":"https:\/\/www.corpoguajira.gov.co\/wp\/wp-content\/uploads\/2019\/01\/CORTES\u00cdA-NOTA-3.jpg","og_site_name":"Corporaci\u00f3n Aut\u00f3noma Regional de La Guajira","og_image":[{"width":348,"height":257,"url":"https:\/\/www.corpoguajira.gov.co\/wp\/wp-content\/uploads\/2019\/01\/CORTES\u00cdA-NOTA-3.jpg","type":"image\/jpeg"}],"schema":{"@context":"https:\/\/schema.org","@graph":[{"@type":"WebSite","@id":"https:\/\/corpoguajira.gov.co\/wp\/#website","url":"https:\/\/corpoguajira.gov.co\/wp\/","name":"Corporaci\u00f3n Aut\u00f3noma Regional de La Guajira","description":"La Sostenibilidad Ambiental, un Compromiso de Todos","potentialAction":[{"@type":"SearchAction","target":{"@type":"EntryPoint","urlTemplate":"https:\/\/corpoguajira.gov.co\/wp\/?s={search_term_string}"},"query-input":"required name=search_term_string"}],"inLanguage":"es"},{"@type":"WebPage","@id":"https:\/\/www.corpoguajira.gov.co\/wp\/wp-content\/uploads\/2019\/01\/CORTES\u00cdA-NOTA-3.jpg#webpage","url":"https:\/\/www.corpoguajira.gov.co\/wp\/wp-content\/uploads\/2019\/01\/CORTES\u00cdA-NOTA-3.jpg","name":"CORTES\u00cdA NOTA 3 | Corpoguajira","isPartOf":{"@id":"https:\/\/corpoguajira.gov.co\/wp\/#website"},"datePublished":"2019-01-11T16:48:22+00:00","dateModified":"2019-01-11T16:48:22+00:00","breadcrumb":{"@id":"https:\/\/www.corpoguajira.gov.co\/wp\/wp-content\/uploads\/2019\/01\/CORTES\u00cdA-NOTA-3.jpg#breadcrumb"},"inLanguage":"es","potentialAction":[{"@type":"ReadAction","target":["https:\/\/www.corpoguajira.gov.co\/wp\/wp-content\/uploads\/2019\/01\/CORTES\u00cdA-NOTA-3.jpg"]}]},{"@type":"BreadcrumbList","@id":"https:\/\/www.corpoguajira.gov.co\/wp\/wp-content\/uploads\/2019\/01\/CORTES\u00cdA-NOTA-3.jpg#breadcrumb","itemListElement":[{"@type":"ListItem","position":1,"name":"Corpoguajira","item":"https:\/\/corpoguajira.gov.co\/wp\/"},{"@type":"ListItem","position":2,"name":"Noticias","item":"https:\/\/corpoguajira.gov.co\/wp\/noticias\/"},{"@type":"ListItem","position":3,"name":"\u00bfSab\u00edas qu\u00e9?","item":"https:\/\/corpoguajira.gov.co\/wp\/sabias-que-9\/"},{"@type":"ListItem","position":4,"name":"CORTES\u00cdA NOTA 3"}]}]}},"description":{"rendered":"<p class=\"attachment\"><a href='https:\/\/www.corpoguajira.gov.co\/wp\/wp-content\/uploads\/2019\/01\/CORTES\u00cdA-NOTA-3.jpg' title=\"\" data-rl_title=\"\" class=\"rl-gallery-link\" data-rl_caption=\"\" data-rel=\"lightbox-gallery-0\"><img width=\"300\" height=\"222\" src=\"https:\/\/www.corpoguajira.gov.co\/wp\/wp-content\/uploads\/2019\/01\/CORTES\u00cdA-NOTA-3-300x222.jpg\" class=\"attachment-medium size-medium\" alt=\"\" loading=\"lazy\" srcset=\"https:\/\/www.corpoguajira.gov.co\/wp\/wp-content\/uploads\/2019\/01\/CORTES\u00cdA-NOTA-3-300x222.jpg 300w, https:\/\/www.corpoguajira.gov.co\/wp\/wp-content\/uploads\/2019\/01\/CORTES\u00cdA-NOTA-3-150x111.jpg 150w, https:\/\/www.corpoguajira.gov.co\/wp\/wp-content\/uploads\/2019\/01\/CORTES\u00cdA-NOTA-3.jpg 348w\" sizes=\"(max-width: 300px) 100vw, 300px\" \/><\/a><\/p>\n"},"caption":{"rendered":""},"alt_text":"","media_type":"image","mime_type":"image\/jpeg","media_details":{"width":348,"height":257,"file":"2019\/01\/CORTES\u00cdA-NOTA-3.jpg","sizes":{"thumbnail":{"file":"CORTES\u00cdA-NOTA-3-150x150.jpg","width":150,"height":150,"mime_type":"image\/jpeg","source_url":"https:\/\/www.corpoguajira.gov.co\/wp\/wp-content\/uploads\/2019\/01\/CORTES\u00cdA-NOTA-3-150x150.jpg"},"medium":{"file":"CORTES\u00cdA-NOTA-3-300x222.jpg","width":300,"height":222,"mime_type":"image\/jpeg","source_url":"https:\/\/www.corpoguajira.gov.co\/wp\/wp-content\/uploads\/2019\/01\/CORTES\u00cdA-NOTA-3-300x222.jpg"},"post-thumbnail":{"file":"CORTES\u00cdA-NOTA-3-150x111.jpg","width":150,"height":111,"mime_type":"image\/jpeg","source_url":"https:\/\/www.corpoguajira.gov.co\/wp\/wp-content\/uploads\/2019\/01\/CORTES\u00cdA-NOTA-3-150x111.jpg"},"min-homepage":{"file":"CORTES\u00cdA-NOTA-3-348x200.jpg","width":348,"height":200,"mime_type":"image\/jpeg","source_url":"https:\/\/www.corpoguajira.gov.co\/wp\/wp-content\/uploads\/2019\/01\/CORTES\u00cdA-NOTA-3-348x200.jpg"},"full":{"file":"CORTES\u00cdA-NOTA-3.jpg","width":348,"height":257,"mime_type":"image\/jpeg","source_url":"https:\/\/www.corpoguajira.gov.co\/wp\/wp-content\/uploads\/2019\/01\/CORTES\u00cdA-NOTA-3.jpg"}},"image_meta":{"aperture":"0","credit":"","camera":"","caption":"","created_timestamp":"0","copyright":"","focal_length":"0","iso":"0","shutter_speed":"0","title":"","orientation":"0","keywords":[]}},"post":165365,"source_url":"https:\/\/www.corpoguajira.gov.co\/wp\/wp-content\/uploads\/2019\/01\/CORTES\u00cdA-NOTA-3.jpg","_links":{"self":[{"href":"https:\/\/corpoguajira.gov.co\/wp\/wp-json\/wp\/v2\/media\/165366"}],"collection":[{"href":"https:\/\/corpoguajira.gov.co\/wp\/wp-json\/wp\/v2\/media"}],"about":[{"href":"https:\/\/corpoguajira.gov.co\/wp\/wp-json\/wp\/v2\/types\/attachment"}],"author":[{"embeddable":true,"href":"https:\/\/corpoguajira.gov.co\/wp\/wp-json\/wp\/v2\/users\/4"}],"replies":[{"embeddable":true,"href":"https:\/\/corpoguajira.gov.co\/wp\/wp-json\/wp\/v2\/comments?post=165366"}]}}

http://corpoguajira.gov.co/wp/wp-content/uploads/2019/01/CORTESÍA-NOTA-3.jpg

CORTESÍA NOTA 3

<!-- This site is optimized with the Yoast SEO plugin v18.5.1 - https://yoast.com/wordpress/plugins/seo/ -->
<title>CORTESÍA NOTA 3 | Corpoguajira</title>
<meta name="robots" content="index, follow, max-snippet:-1, max-image-preview:large, max-video-preview:-1" />
<link rel="canonical" href="https://www.corpoguajira.gov.co/wp/wp-content/uploads/2019/01/CORTESÍA-NOTA-3.jpg" />
<meta property="og:locale" content="es_ES" />
<meta property="og:type" content="article" />
<meta property="og:title" content="CORTESÍA NOTA 3 | Corpoguajira" />
<meta property="og:url" content="https://www.corpoguajira.gov.co/wp/wp-content/uploads/2019/01/CORTESÍA-NOTA-3.jpg" />
<meta property="og:site_name" content="Corporación Autónoma Regional de La Guajira" />
<meta property="og:image" content="https://www.corpoguajira.gov.co/wp/wp-content/uploads/2019/01/CORTESÍA-NOTA-3.jpg" />
	<meta property="og:image:width" content="348" />
	<meta property="og:image:height" content="257" />
	<meta property="og:image:type" content="image/jpeg" />
<script type="application/ld+json" class="yoast-schema-graph">{"@context":"https://schema.org","@graph":[{"@type":"WebSite","@id":"https://corpoguajira.gov.co/wp/#website","url":"https://corpoguajira.gov.co/wp/","name":"Corporación Autónoma Regional de La Guajira","description":"La Sostenibilidad Ambiental, un Compromiso de Todos","potentialAction":[{"@type":"SearchAction","target":{"@type":"EntryPoint","urlTemplate":"https://corpoguajira.gov.co/wp/?s={search_term_string}"},"query-input":"required name=search_term_string"}],"inLanguage":"es"},{"@type":"WebPage","@id":"https://www.corpoguajira.gov.co/wp/wp-content/uploads/2019/01/CORTESÍA-NOTA-3.jpg#webpage","url":"https://www.corpoguajira.gov.co/wp/wp-content/uploads/2019/01/CORTESÍA-NOTA-3.jpg","name":"CORTESÍA NOTA 3 | Corpoguajira","isPartOf":{"@id":"https://corpoguajira.gov.co/wp/#website"},"datePublished":"2019-01-11T16:48:22+00:00","dateModified":"2019-01-11T16:48:22+00:00","breadcrumb":{"@id":"https://www.corpoguajira.gov.co/wp/wp-content/uploads/2019/01/CORTESÍA-NOTA-3.jpg#breadcrumb"},"inLanguage":"es","potentialAction":[{"@type":"ReadAction","target":["https://www.corpoguajira.gov.co/wp/wp-content/uploads/2019/01/CORTESÍA-NOTA-3.jpg"]}]},{"@type":"BreadcrumbList","@id":"https://www.corpoguajira.gov.co/wp/wp-content/uploads/2019/01/CORTESÍA-NOTA-3.jpg#breadcrumb","itemListElement":[{"@type":"ListItem","position":1,"name":"Corpoguajira","item":"https://corpoguajira.gov.co/wp/"},{"@type":"ListItem","position":2,"name":"Noticias","item":"https://corpoguajira.gov.co/wp/noticias/"},{"@type":"ListItem","position":3,"name":"¿Sabías qué?","item":"https://corpoguajira.gov.co/wp/sabias-que-9/"},{"@type":"ListItem","position":4,"name":"CORTESÍA NOTA 3"}]}]}</script>
<!-- / Yoast SEO plugin. -->

CORTESÍA NOTA 3 | Corpoguajira

https://www.corpoguajira.gov.co/wp/wp-content/uploads/2019/01/CORTESÍA-NOTA-3.jpg

Corporación Autónoma Regional de La Guajira

https://www.corpoguajira.gov.co/wp/wp-content/uploads/2019/01/CORTESÍA-NOTA-3.jpg#webpage

https://www.corpoguajira.gov.co/wp/wp-content/uploads/2019/01/CORTESÍA-NOTA-3.jpg#breadcrumb

¿Sabías qué?

<p class="attachment"><a href='https://www.corpoguajira.gov.co/wp/wp-content/uploads/2019/01/CORTESÍA-NOTA-3.jpg' title="" data-rl_title="" class="rl-gallery-link" data-rl_caption="" data-rel="lightbox-gallery-0"><img width="300" height="222" src="https://www.corpoguajira.gov.co/wp/wp-content/uploads/2019/01/CORTESÍA-NOTA-3-300x222.jpg" class="attachment-medium size-medium" alt="" loading="lazy" srcset="https://www.corpoguajira.gov.co/wp/wp-content/uploads/2019/01/CORTESÍA-NOTA-3-300x222.jpg 300w, https://www.corpoguajira.gov.co/wp/wp-content/uploads/2019/01/CORTESÍA-NOTA-3-150x111.jpg 150w, https://www.corpoguajira.gov.co/wp/wp-content/uploads/2019/01/CORTESÍA-NOTA-3.jpg 348w" sizes="(max-width: 300px) 100vw, 300px" /></a></p>

2019/01/CORTESÍA-NOTA-3.jpg

CORTESÍA-NOTA-3-150x150.jpg

https://www.corpoguajira.gov.co/wp/wp-content/uploads/2019/01/CORTESÍA-NOTA-3-150x150.jpg

CORTESÍA-NOTA-3-300x222.jpg

https://www.corpoguajira.gov.co/wp/wp-content/uploads/2019/01/CORTESÍA-NOTA-3-300x222.jpg

CORTESÍA-NOTA-3-150x111.jpg

https://www.corpoguajira.gov.co/wp/wp-content/uploads/2019/01/CORTESÍA-NOTA-3-150x111.jpg

CORTESÍA-NOTA-3-348x200.jpg

https://www.corpoguajira.gov.co/wp/wp-content/uploads/2019/01/CORTESÍA-NOTA-3-348x200.jpg

CORTESÍA-NOTA-3.jpg
