{"id":174873,"date":"2020-02-10T17:35:53","date_gmt":"2020-02-10T22:35:53","guid":{"rendered":"http:\/\/corpoguajira.gov.co\/wp\/wp-content\/uploads\/2020\/02\/Audio-declaraci\u00f3n-en-wayuunaiki.mp3"},"modified":"2020-02-10T17:36:16","modified_gmt":"2020-02-10T22:36:16","slug":"audio-declaracion-en-wayuunaiki","status":"inherit","type":"attachment","link":"https:\/\/corpoguajira.gov.co\/wp\/comunicado-a-la-opinion-publica-3\/audio-declaracion-en-wayuunaiki\/","title":{"rendered":"Audio declaraci\u00f3n en wayuunaiki"},"author":4,"comment_status":"open","ping_status":"closed","template":"","meta":[],"yoast_head":"<!-- This site is optimized with the Yoast SEO plugin v18.5.1 - https:\/\/yoast.com\/wordpress\/plugins\/seo\/ -->\n<title>Audio declaraci\u00f3n en wayuunaiki | Corpoguajira<\/title>\n<meta name=\"robots\" content=\"index, follow, max-snippet:-1, max-image-preview:large, max-video-preview:-1\" \/>\n<link rel=\"canonical\" href=\"https:\/\/www.corpoguajira.gov.co\/wp\/wp-content\/uploads\/2020\/02\/Audio-declaraci\u00f3n-en-wayuunaiki.mp3\" \/>\n<meta property=\"og:locale\" content=\"es_ES\" \/>\n<meta property=\"og:type\" content=\"article\" \/>\n<meta property=\"og:title\" content=\"Audio declaraci\u00f3n en wayuunaiki | Corpoguajira\" \/>\n<meta property=\"og:description\" content=\"https:\/\/www.corpoguajira.gov.co\/wp\/wp-content\/uploads\/2020\/02\/Audio-declaraci\u00f3n-en-wayuunaiki.mp3 \u00abAudio declaraci\u00f3n en wayuunaiki\u00bb.\" \/>\n<meta property=\"og:url\" content=\"https:\/\/www.corpoguajira.gov.co\/wp\/wp-content\/uploads\/2020\/02\/Audio-declaraci\u00f3n-en-wayuunaiki.mp3\" \/>\n<meta property=\"og:site_name\" content=\"Corporaci\u00f3n Aut\u00f3noma Regional de La Guajira\" \/>\n<meta property=\"article:modified_time\" content=\"2020-02-10T22:36:16+00:00\" \/>\n<script type=\"application\/ld+json\" class=\"yoast-schema-graph\">{\"@context\":\"https:\/\/schema.org\",\"@graph\":[{\"@type\":\"WebSite\",\"@id\":\"https:\/\/corpoguajira.gov.co\/wp\/#website\",\"url\":\"https:\/\/corpoguajira.gov.co\/wp\/\",\"name\":\"Corporaci\u00f3n Aut\u00f3noma Regional de La Guajira\",\"description\":\"La Sostenibilidad Ambiental, un Compromiso de Todos\",\"potentialAction\":[{\"@type\":\"SearchAction\",\"target\":{\"@type\":\"EntryPoint\",\"urlTemplate\":\"https:\/\/corpoguajira.gov.co\/wp\/?s={search_term_string}\"},\"query-input\":\"required name=search_term_string\"}],\"inLanguage\":\"es\"},{\"@type\":\"WebPage\",\"@id\":\"https:\/\/www.corpoguajira.gov.co\/wp\/wp-content\/uploads\/2020\/02\/Audio-declaraci\u00f3n-en-wayuunaiki.mp3#webpage\",\"url\":\"https:\/\/www.corpoguajira.gov.co\/wp\/wp-content\/uploads\/2020\/02\/Audio-declaraci\u00f3n-en-wayuunaiki.mp3\",\"name\":\"Audio declaraci\u00f3n en wayuunaiki | Corpoguajira\",\"isPartOf\":{\"@id\":\"https:\/\/corpoguajira.gov.co\/wp\/#website\"},\"datePublished\":\"2020-02-10T22:35:53+00:00\",\"dateModified\":\"2020-02-10T22:36:16+00:00\",\"breadcrumb\":{\"@id\":\"https:\/\/www.corpoguajira.gov.co\/wp\/wp-content\/uploads\/2020\/02\/Audio-declaraci\u00f3n-en-wayuunaiki.mp3#breadcrumb\"},\"inLanguage\":\"es\",\"potentialAction\":[{\"@type\":\"ReadAction\",\"target\":[\"https:\/\/www.corpoguajira.gov.co\/wp\/wp-content\/uploads\/2020\/02\/Audio-declaraci\u00f3n-en-wayuunaiki.mp3\"]}]},{\"@type\":\"BreadcrumbList\",\"@id\":\"https:\/\/www.corpoguajira.gov.co\/wp\/wp-content\/uploads\/2020\/02\/Audio-declaraci\u00f3n-en-wayuunaiki.mp3#breadcrumb\",\"itemListElement\":[{\"@type\":\"ListItem\",\"position\":1,\"name\":\"Corpoguajira\",\"item\":\"https:\/\/corpoguajira.gov.co\/wp\/\"},{\"@type\":\"ListItem\",\"position\":2,\"name\":\"Noticias\",\"item\":\"https:\/\/corpoguajira.gov.co\/wp\/noticias\/\"},{\"@type\":\"ListItem\",\"position\":3,\"name\":\"COMUNICADO A LA OPINI\u00d3N P\u00daBLICA\",\"item\":\"https:\/\/corpoguajira.gov.co\/wp\/comunicado-a-la-opinion-publica-3\/\"},{\"@type\":\"ListItem\",\"position\":4,\"name\":\"Audio declaraci\u00f3n en wayuunaiki\"}]}]}<\/script>\n<!-- \/ Yoast SEO plugin. -->","yoast_head_json":{"title":"Audio declaraci\u00f3n en wayuunaiki | Corpoguajira","robots":{"index":"index","follow":"follow","max-snippet":"max-snippet:-1","max-image-preview":"max-image-preview:large","max-video-preview":"max-video-preview:-1"},"canonical":"https:\/\/www.corpoguajira.gov.co\/wp\/wp-content\/uploads\/2020\/02\/Audio-declaraci\u00f3n-en-wayuunaiki.mp3","og_locale":"es_ES","og_type":"article","og_title":"Audio declaraci\u00f3n en wayuunaiki | Corpoguajira","og_description":"https:\/\/www.corpoguajira.gov.co\/wp\/wp-content\/uploads\/2020\/02\/Audio-declaraci\u00f3n-en-wayuunaiki.mp3 \u00abAudio declaraci\u00f3n en wayuunaiki\u00bb.","og_url":"https:\/\/www.corpoguajira.gov.co\/wp\/wp-content\/uploads\/2020\/02\/Audio-declaraci\u00f3n-en-wayuunaiki.mp3","og_site_name":"Corporaci\u00f3n Aut\u00f3noma Regional de La Guajira","article_modified_time":"2020-02-10T22:36:16+00:00","schema":{"@context":"https:\/\/schema.org","@graph":[{"@type":"WebSite","@id":"https:\/\/corpoguajira.gov.co\/wp\/#website","url":"https:\/\/corpoguajira.gov.co\/wp\/","name":"Corporaci\u00f3n Aut\u00f3noma Regional de La Guajira","description":"La Sostenibilidad Ambiental, un Compromiso de Todos","potentialAction":[{"@type":"SearchAction","target":{"@type":"EntryPoint","urlTemplate":"https:\/\/corpoguajira.gov.co\/wp\/?s={search_term_string}"},"query-input":"required name=search_term_string"}],"inLanguage":"es"},{"@type":"WebPage","@id":"https:\/\/www.corpoguajira.gov.co\/wp\/wp-content\/uploads\/2020\/02\/Audio-declaraci\u00f3n-en-wayuunaiki.mp3#webpage","url":"https:\/\/www.corpoguajira.gov.co\/wp\/wp-content\/uploads\/2020\/02\/Audio-declaraci\u00f3n-en-wayuunaiki.mp3","name":"Audio declaraci\u00f3n en wayuunaiki | Corpoguajira","isPartOf":{"@id":"https:\/\/corpoguajira.gov.co\/wp\/#website"},"datePublished":"2020-02-10T22:35:53+00:00","dateModified":"2020-02-10T22:36:16+00:00","breadcrumb":{"@id":"https:\/\/www.corpoguajira.gov.co\/wp\/wp-content\/uploads\/2020\/02\/Audio-declaraci\u00f3n-en-wayuunaiki.mp3#breadcrumb"},"inLanguage":"es","potentialAction":[{"@type":"ReadAction","target":["https:\/\/www.corpoguajira.gov.co\/wp\/wp-content\/uploads\/2020\/02\/Audio-declaraci\u00f3n-en-wayuunaiki.mp3"]}]},{"@type":"BreadcrumbList","@id":"https:\/\/www.corpoguajira.gov.co\/wp\/wp-content\/uploads\/2020\/02\/Audio-declaraci\u00f3n-en-wayuunaiki.mp3#breadcrumb","itemListElement":[{"@type":"ListItem","position":1,"name":"Corpoguajira","item":"https:\/\/corpoguajira.gov.co\/wp\/"},{"@type":"ListItem","position":2,"name":"Noticias","item":"https:\/\/corpoguajira.gov.co\/wp\/noticias\/"},{"@type":"ListItem","position":3,"name":"COMUNICADO A LA OPINI\u00d3N P\u00daBLICA","item":"https:\/\/corpoguajira.gov.co\/wp\/comunicado-a-la-opinion-publica-3\/"},{"@type":"ListItem","position":4,"name":"Audio declaraci\u00f3n en wayuunaiki"}]}]}},"description":{"rendered":"<audio class=\"wp-audio-shortcode\" id=\"audio-174873-2\" preload=\"none\" style=\"width: 100%;\" controls=\"controls\"><source type=\"audio\/mpeg\" src=\"https:\/\/www.corpoguajira.gov.co\/wp\/wp-content\/uploads\/2020\/02\/Audio-declaraci\u00f3n-en-wayuunaiki.mp3?_=2\" \/><a href=\"https:\/\/www.corpoguajira.gov.co\/wp\/wp-content\/uploads\/2020\/02\/Audio-declaraci\u00f3n-en-wayuunaiki.mp3\">https:\/\/www.corpoguajira.gov.co\/wp\/wp-content\/uploads\/2020\/02\/Audio-declaraci\u00f3n-en-wayuunaiki.mp3<\/a><\/audio>\n<p>\u00abAudio declaraci\u00f3n en wayuunaiki\u00bb.<\/p>\n"},"caption":{"rendered":"<p>https:\/\/www.corpoguajira.gov.co\/wp\/wp-content\/uploads\/2020\/02\/Audio-declaraci\u00f3n-en-wayuunaiki.mp3 \u00abAudio declaraci\u00f3n en wayuunaiki\u00bb.<\/p>\n"},"alt_text":"","media_type":"file","mime_type":"audio\/mpeg","media_details":{"dataformat":"mp3","channels":2,"sample_rate":44100,"bitrate":128027.1984321672352962195873260498046875,"channelmode":"stereo","bitrate_mode":"vbr","lossless":false,"encoder_options":"VBR","compression_ratio":0.09072222111122961452078783395336358807981014251708984375,"fileformat":"mp3","filesize":1959980,"mime_type":"audio\/mpeg","length":122,"length_formatted":"2:02","text":"3gp4","encoder_settings":"Lavf58.29.100","artist":"","album":"","sizes":{}},"post":174854,"source_url":"https:\/\/www.corpoguajira.gov.co\/wp\/wp-content\/uploads\/2020\/02\/Audio-declaraci\u00f3n-en-wayuunaiki.mp3","_links":{"self":[{"href":"https:\/\/corpoguajira.gov.co\/wp\/wp-json\/wp\/v2\/media\/174873"}],"collection":[{"href":"https:\/\/corpoguajira.gov.co\/wp\/wp-json\/wp\/v2\/media"}],"about":[{"href":"https:\/\/corpoguajira.gov.co\/wp\/wp-json\/wp\/v2\/types\/attachment"}],"author":[{"embeddable":true,"href":"https:\/\/corpoguajira.gov.co\/wp\/wp-json\/wp\/v2\/users\/4"}],"replies":[{"embeddable":true,"href":"https:\/\/corpoguajira.gov.co\/wp\/wp-json\/wp\/v2\/comments?post=174873"}]}}

http://corpoguajira.gov.co/wp/wp-content/uploads/2020/02/Audio-declaración-en-wayuunaiki.mp3

Audio declaración en wayuunaiki

<!-- This site is optimized with the Yoast SEO plugin v18.5.1 - https://yoast.com/wordpress/plugins/seo/ -->
<title>Audio declaración en wayuunaiki | Corpoguajira</title>
<meta name="robots" content="index, follow, max-snippet:-1, max-image-preview:large, max-video-preview:-1" />
<link rel="canonical" href="https://www.corpoguajira.gov.co/wp/wp-content/uploads/2020/02/Audio-declaración-en-wayuunaiki.mp3" />
<meta property="og:locale" content="es_ES" />
<meta property="og:type" content="article" />
<meta property="og:title" content="Audio declaración en wayuunaiki | Corpoguajira" />
<meta property="og:description" content="https://www.corpoguajira.gov.co/wp/wp-content/uploads/2020/02/Audio-declaración-en-wayuunaiki.mp3 «Audio declaración en wayuunaiki»." />
<meta property="og:url" content="https://www.corpoguajira.gov.co/wp/wp-content/uploads/2020/02/Audio-declaración-en-wayuunaiki.mp3" />
<meta property="og:site_name" content="Corporación Autónoma Regional de La Guajira" />
<meta property="article:modified_time" content="2020-02-10T22:36:16+00:00" />
<script type="application/ld+json" class="yoast-schema-graph">{"@context":"https://schema.org","@graph":[{"@type":"WebSite","@id":"https://corpoguajira.gov.co/wp/#website","url":"https://corpoguajira.gov.co/wp/","name":"Corporación Autónoma Regional de La Guajira","description":"La Sostenibilidad Ambiental, un Compromiso de Todos","potentialAction":[{"@type":"SearchAction","target":{"@type":"EntryPoint","urlTemplate":"https://corpoguajira.gov.co/wp/?s={search_term_string}"},"query-input":"required name=search_term_string"}],"inLanguage":"es"},{"@type":"WebPage","@id":"https://www.corpoguajira.gov.co/wp/wp-content/uploads/2020/02/Audio-declaración-en-wayuunaiki.mp3#webpage","url":"https://www.corpoguajira.gov.co/wp/wp-content/uploads/2020/02/Audio-declaración-en-wayuunaiki.mp3","name":"Audio declaración en wayuunaiki | Corpoguajira","isPartOf":{"@id":"https://corpoguajira.gov.co/wp/#website"},"datePublished":"2020-02-10T22:35:53+00:00","dateModified":"2020-02-10T22:36:16+00:00","breadcrumb":{"@id":"https://www.corpoguajira.gov.co/wp/wp-content/uploads/2020/02/Audio-declaración-en-wayuunaiki.mp3#breadcrumb"},"inLanguage":"es","potentialAction":[{"@type":"ReadAction","target":["https://www.corpoguajira.gov.co/wp/wp-content/uploads/2020/02/Audio-declaración-en-wayuunaiki.mp3"]}]},{"@type":"BreadcrumbList","@id":"https://www.corpoguajira.gov.co/wp/wp-content/uploads/2020/02/Audio-declaración-en-wayuunaiki.mp3#breadcrumb","itemListElement":[{"@type":"ListItem","position":1,"name":"Corpoguajira","item":"https://corpoguajira.gov.co/wp/"},{"@type":"ListItem","position":2,"name":"Noticias","item":"https://corpoguajira.gov.co/wp/noticias/"},{"@type":"ListItem","position":3,"name":"COMUNICADO A LA OPINIÓN PÚBLICA","item":"https://corpoguajira.gov.co/wp/comunicado-a-la-opinion-publica-3/"},{"@type":"ListItem","position":4,"name":"Audio declaración en wayuunaiki"}]}]}</script>
<!-- / Yoast SEO plugin. -->

Audio declaración en wayuunaiki | Corpoguajira

https://www.corpoguajira.gov.co/wp/wp-content/uploads/2020/02/Audio-declaración-en-wayuunaiki.mp3

https://www.corpoguajira.gov.co/wp/wp-content/uploads/2020/02/Audio-declaración-en-wayuunaiki.mp3 «Audio declaración en wayuunaiki».

Corporación Autónoma Regional de La Guajira

https://www.corpoguajira.gov.co/wp/wp-content/uploads/2020/02/Audio-declaración-en-wayuunaiki.mp3#webpage

https://www.corpoguajira.gov.co/wp/wp-content/uploads/2020/02/Audio-declaración-en-wayuunaiki.mp3#breadcrumb

COMUNICADO A LA OPINIÓN PÚBLICA

<audio class="wp-audio-shortcode" id="audio-174873-2" preload="none" style="width: 100%;" controls="controls"><source type="audio/mpeg" src="https://www.corpoguajira.gov.co/wp/wp-content/uploads/2020/02/Audio-declaración-en-wayuunaiki.mp3?_=2" /><a href="https://www.corpoguajira.gov.co/wp/wp-content/uploads/2020/02/Audio-declaración-en-wayuunaiki.mp3">https://www.corpoguajira.gov.co/wp/wp-content/uploads/2020/02/Audio-declaración-en-wayuunaiki.mp3</a></audio>
<p>«Audio declaración en wayuunaiki».</p>

<p>https://www.corpoguajira.gov.co/wp/wp-content/uploads/2020/02/Audio-declaración-en-wayuunaiki.mp3 «Audio declaración en wayuunaiki».</p>
