{"id":6268,"date":"2015-12-21T19:00:48","date_gmt":"2015-12-22T00:00:48","guid":{"rendered":"http:\/\/corpoguajira.gov.co\/wp\/wp-content\/uploads\/2015\/12\/la-foto-2-3.jpg"},"modified":"2015-12-21T19:00:48","modified_gmt":"2015-12-22T00:00:48","slug":"la-foto-2-3","status":"inherit","type":"attachment","link":"https:\/\/corpoguajira.gov.co\/wp\/corpoguajira-entrego-a-la-policia-nacional-vehiculo-para-unidad-de-rescate-animal-y-proteccion-de-la-biodiversidad\/la-foto-2-3\/","title":{"rendered":"la foto 2 (3)"},"author":4,"comment_status":"open","ping_status":"open","template":"","meta":[],"yoast_head":"<!-- This site is optimized with the Yoast SEO plugin v18.5.1 - https:\/\/yoast.com\/wordpress\/plugins\/seo\/ -->\n<title>la foto 2 (3) | Corpoguajira<\/title>\n<meta name=\"robots\" content=\"index, follow, max-snippet:-1, max-image-preview:large, max-video-preview:-1\" \/>\n<link rel=\"canonical\" href=\"https:\/\/www.corpoguajira.gov.co\/wp\/wp-content\/uploads\/2015\/12\/la-foto-2-3.jpg\" \/>\n<meta property=\"og:locale\" content=\"es_ES\" \/>\n<meta property=\"og:type\" content=\"article\" \/>\n<meta property=\"og:title\" content=\"la foto 2 (3) | Corpoguajira\" \/>\n<meta property=\"og:url\" content=\"https:\/\/www.corpoguajira.gov.co\/wp\/wp-content\/uploads\/2015\/12\/la-foto-2-3.jpg\" \/>\n<meta property=\"og:site_name\" content=\"Corporaci\u00f3n Aut\u00f3noma Regional de La Guajira\" \/>\n<meta property=\"og:image\" content=\"https:\/\/www.corpoguajira.gov.co\/wp\/wp-content\/uploads\/2015\/12\/la-foto-2-3-1024x768.jpg\" \/>\n\t<meta property=\"og:image:width\" content=\"1024\" \/>\n\t<meta property=\"og:image:height\" content=\"768\" \/>\n\t<meta property=\"og:image:type\" content=\"image\/jpeg\" \/>\n<script type=\"application\/ld+json\" class=\"yoast-schema-graph\">{\"@context\":\"https:\/\/schema.org\",\"@graph\":[{\"@type\":\"WebSite\",\"@id\":\"https:\/\/corpoguajira.gov.co\/wp\/#website\",\"url\":\"https:\/\/corpoguajira.gov.co\/wp\/\",\"name\":\"Corporaci\u00f3n Aut\u00f3noma Regional de La Guajira\",\"description\":\"La Sostenibilidad Ambiental, un Compromiso de Todos\",\"potentialAction\":[{\"@type\":\"SearchAction\",\"target\":{\"@type\":\"EntryPoint\",\"urlTemplate\":\"https:\/\/corpoguajira.gov.co\/wp\/?s={search_term_string}\"},\"query-input\":\"required name=search_term_string\"}],\"inLanguage\":\"es\"},{\"@type\":\"WebPage\",\"@id\":\"https:\/\/www.corpoguajira.gov.co\/wp\/wp-content\/uploads\/2015\/12\/la-foto-2-3.jpg#webpage\",\"url\":\"https:\/\/www.corpoguajira.gov.co\/wp\/wp-content\/uploads\/2015\/12\/la-foto-2-3.jpg\",\"name\":\"la foto 2 (3) | Corpoguajira\",\"isPartOf\":{\"@id\":\"https:\/\/corpoguajira.gov.co\/wp\/#website\"},\"datePublished\":\"2015-12-22T00:00:48+00:00\",\"dateModified\":\"2015-12-22T00:00:48+00:00\",\"breadcrumb\":{\"@id\":\"https:\/\/www.corpoguajira.gov.co\/wp\/wp-content\/uploads\/2015\/12\/la-foto-2-3.jpg#breadcrumb\"},\"inLanguage\":\"es\",\"potentialAction\":[{\"@type\":\"ReadAction\",\"target\":[\"https:\/\/www.corpoguajira.gov.co\/wp\/wp-content\/uploads\/2015\/12\/la-foto-2-3.jpg\"]}]},{\"@type\":\"BreadcrumbList\",\"@id\":\"https:\/\/www.corpoguajira.gov.co\/wp\/wp-content\/uploads\/2015\/12\/la-foto-2-3.jpg#breadcrumb\",\"itemListElement\":[{\"@type\":\"ListItem\",\"position\":1,\"name\":\"Corpoguajira\",\"item\":\"https:\/\/corpoguajira.gov.co\/wp\/\"},{\"@type\":\"ListItem\",\"position\":2,\"name\":\"Noticias\",\"item\":\"https:\/\/corpoguajira.gov.co\/wp\/noticias\/\"},{\"@type\":\"ListItem\",\"position\":3,\"name\":\"Corpoguajira entreg\u00f3 a la Polic\u00eda Nacional veh\u00edculo para unidad de rescate animal y protecci\u00f3n de la biodiversidad\",\"item\":\"https:\/\/corpoguajira.gov.co\/wp\/corpoguajira-entrego-a-la-policia-nacional-vehiculo-para-unidad-de-rescate-animal-y-proteccion-de-la-biodiversidad\/\"},{\"@type\":\"ListItem\",\"position\":4,\"name\":\"la foto 2 (3)\"}]}]}<\/script>\n<!-- \/ Yoast SEO plugin. -->","yoast_head_json":{"title":"la foto 2 (3) | Corpoguajira","robots":{"index":"index","follow":"follow","max-snippet":"max-snippet:-1","max-image-preview":"max-image-preview:large","max-video-preview":"max-video-preview:-1"},"canonical":"https:\/\/www.corpoguajira.gov.co\/wp\/wp-content\/uploads\/2015\/12\/la-foto-2-3.jpg","og_locale":"es_ES","og_type":"article","og_title":"la foto 2 (3) | Corpoguajira","og_url":"https:\/\/www.corpoguajira.gov.co\/wp\/wp-content\/uploads\/2015\/12\/la-foto-2-3.jpg","og_site_name":"Corporaci\u00f3n Aut\u00f3noma Regional de La Guajira","og_image":[{"width":1024,"height":768,"url":"https:\/\/www.corpoguajira.gov.co\/wp\/wp-content\/uploads\/2015\/12\/la-foto-2-3-1024x768.jpg","type":"image\/jpeg"}],"schema":{"@context":"https:\/\/schema.org","@graph":[{"@type":"WebSite","@id":"https:\/\/corpoguajira.gov.co\/wp\/#website","url":"https:\/\/corpoguajira.gov.co\/wp\/","name":"Corporaci\u00f3n Aut\u00f3noma Regional de La Guajira","description":"La Sostenibilidad Ambiental, un Compromiso de Todos","potentialAction":[{"@type":"SearchAction","target":{"@type":"EntryPoint","urlTemplate":"https:\/\/corpoguajira.gov.co\/wp\/?s={search_term_string}"},"query-input":"required name=search_term_string"}],"inLanguage":"es"},{"@type":"WebPage","@id":"https:\/\/www.corpoguajira.gov.co\/wp\/wp-content\/uploads\/2015\/12\/la-foto-2-3.jpg#webpage","url":"https:\/\/www.corpoguajira.gov.co\/wp\/wp-content\/uploads\/2015\/12\/la-foto-2-3.jpg","name":"la foto 2 (3) | Corpoguajira","isPartOf":{"@id":"https:\/\/corpoguajira.gov.co\/wp\/#website"},"datePublished":"2015-12-22T00:00:48+00:00","dateModified":"2015-12-22T00:00:48+00:00","breadcrumb":{"@id":"https:\/\/www.corpoguajira.gov.co\/wp\/wp-content\/uploads\/2015\/12\/la-foto-2-3.jpg#breadcrumb"},"inLanguage":"es","potentialAction":[{"@type":"ReadAction","target":["https:\/\/www.corpoguajira.gov.co\/wp\/wp-content\/uploads\/2015\/12\/la-foto-2-3.jpg"]}]},{"@type":"BreadcrumbList","@id":"https:\/\/www.corpoguajira.gov.co\/wp\/wp-content\/uploads\/2015\/12\/la-foto-2-3.jpg#breadcrumb","itemListElement":[{"@type":"ListItem","position":1,"name":"Corpoguajira","item":"https:\/\/corpoguajira.gov.co\/wp\/"},{"@type":"ListItem","position":2,"name":"Noticias","item":"https:\/\/corpoguajira.gov.co\/wp\/noticias\/"},{"@type":"ListItem","position":3,"name":"Corpoguajira entreg\u00f3 a la Polic\u00eda Nacional veh\u00edculo para unidad de rescate animal y protecci\u00f3n de la biodiversidad","item":"https:\/\/corpoguajira.gov.co\/wp\/corpoguajira-entrego-a-la-policia-nacional-vehiculo-para-unidad-de-rescate-animal-y-proteccion-de-la-biodiversidad\/"},{"@type":"ListItem","position":4,"name":"la foto 2 (3)"}]}]}},"description":{"rendered":"<p class=\"attachment\"><a href='https:\/\/www.corpoguajira.gov.co\/wp\/wp-content\/uploads\/2015\/12\/la-foto-2-3.jpg' title=\"\" data-rl_title=\"\" class=\"rl-gallery-link\" data-rl_caption=\"\" data-rel=\"lightbox-gallery-0\"><img width=\"300\" height=\"225\" src=\"https:\/\/www.corpoguajira.gov.co\/wp\/wp-content\/uploads\/2015\/12\/la-foto-2-3-300x225.jpg\" class=\"attachment-medium size-medium\" alt=\"\" loading=\"lazy\" srcset=\"https:\/\/www.corpoguajira.gov.co\/wp\/wp-content\/uploads\/2015\/12\/la-foto-2-3-300x225.jpg 300w, https:\/\/www.corpoguajira.gov.co\/wp\/wp-content\/uploads\/2015\/12\/la-foto-2-3-1024x768.jpg 1024w, https:\/\/www.corpoguajira.gov.co\/wp\/wp-content\/uploads\/2015\/12\/la-foto-2-3-600x450.jpg 600w, https:\/\/www.corpoguajira.gov.co\/wp\/wp-content\/uploads\/2015\/12\/la-foto-2-3-150x112.jpg 150w\" sizes=\"(max-width: 300px) 100vw, 300px\" \/><\/a><\/p>\n"},"caption":{"rendered":""},"alt_text":"","media_type":"image","mime_type":"image\/jpeg","media_details":{"width":3264,"height":2448,"file":"2015\/12\/la-foto-2-3.jpg","sizes":{"thumbnail":{"file":"la-foto-2-3-150x150.jpg","width":150,"height":150,"mime_type":"image\/jpeg","source_url":"https:\/\/www.corpoguajira.gov.co\/wp\/wp-content\/uploads\/2015\/12\/la-foto-2-3-150x150.jpg"},"medium":{"file":"la-foto-2-3-300x225.jpg","width":300,"height":225,"mime_type":"image\/jpeg","source_url":"https:\/\/www.corpoguajira.gov.co\/wp\/wp-content\/uploads\/2015\/12\/la-foto-2-3-300x225.jpg"},"large":{"file":"la-foto-2-3-1024x768.jpg","width":1024,"height":768,"mime_type":"image\/jpeg","source_url":"https:\/\/www.corpoguajira.gov.co\/wp\/wp-content\/uploads\/2015\/12\/la-foto-2-3-1024x768.jpg"},"wysija-newsletters-max":{"file":"la-foto-2-3-600x450.jpg","width":600,"height":450,"mime_type":"image\/jpeg","source_url":"https:\/\/www.corpoguajira.gov.co\/wp\/wp-content\/uploads\/2015\/12\/la-foto-2-3-600x450.jpg"},"post-thumbnail":{"file":"la-foto-2-3-150x112.jpg","width":150,"height":112,"mime_type":"image\/jpeg","source_url":"https:\/\/www.corpoguajira.gov.co\/wp\/wp-content\/uploads\/2015\/12\/la-foto-2-3-150x112.jpg"},"min-homepage":{"file":"la-foto-2-3-360x200.jpg","width":360,"height":200,"mime_type":"image\/jpeg","source_url":"https:\/\/www.corpoguajira.gov.co\/wp\/wp-content\/uploads\/2015\/12\/la-foto-2-3-360x200.jpg"},"featured":{"file":"la-foto-2-3-685x350.jpg","width":685,"height":350,"mime_type":"image\/jpeg","source_url":"https:\/\/www.corpoguajira.gov.co\/wp\/wp-content\/uploads\/2015\/12\/la-foto-2-3-685x350.jpg"},"full":{"file":"la-foto-2-3.jpg","width":3264,"height":2448,"mime_type":"image\/jpeg","source_url":"https:\/\/www.corpoguajira.gov.co\/wp\/wp-content\/uploads\/2015\/12\/la-foto-2-3.jpg"}},"image_meta":{"aperture":2.399999999999999911182158029987476766109466552734375,"credit":"","camera":"iPhone 5","caption":"","created_timestamp":1450718224,"copyright":"","focal_length":"4.12","iso":"100","shutter_speed":"0.0083333333333333","title":""}},"post":6267,"source_url":"https:\/\/www.corpoguajira.gov.co\/wp\/wp-content\/uploads\/2015\/12\/la-foto-2-3.jpg","_links":{"self":[{"href":"https:\/\/corpoguajira.gov.co\/wp\/wp-json\/wp\/v2\/media\/6268"}],"collection":[{"href":"https:\/\/corpoguajira.gov.co\/wp\/wp-json\/wp\/v2\/media"}],"about":[{"href":"https:\/\/corpoguajira.gov.co\/wp\/wp-json\/wp\/v2\/types\/attachment"}],"author":[{"embeddable":true,"href":"https:\/\/corpoguajira.gov.co\/wp\/wp-json\/wp\/v2\/users\/4"}],"replies":[{"embeddable":true,"href":"https:\/\/corpoguajira.gov.co\/wp\/wp-json\/wp\/v2\/comments?post=6268"}]}}

<!-- This site is optimized with the Yoast SEO plugin v18.5.1 - https://yoast.com/wordpress/plugins/seo/ -->
<title>la foto 2 (3) | Corpoguajira</title>
<meta name="robots" content="index, follow, max-snippet:-1, max-image-preview:large, max-video-preview:-1" />
<link rel="canonical" href="https://www.corpoguajira.gov.co/wp/wp-content/uploads/2015/12/la-foto-2-3.jpg" />
<meta property="og:locale" content="es_ES" />
<meta property="og:type" content="article" />
<meta property="og:title" content="la foto 2 (3) | Corpoguajira" />
<meta property="og:url" content="https://www.corpoguajira.gov.co/wp/wp-content/uploads/2015/12/la-foto-2-3.jpg" />
<meta property="og:site_name" content="Corporación Autónoma Regional de La Guajira" />
<meta property="og:image" content="https://www.corpoguajira.gov.co/wp/wp-content/uploads/2015/12/la-foto-2-3-1024x768.jpg" />
	<meta property="og:image:width" content="1024" />
	<meta property="og:image:height" content="768" />
	<meta property="og:image:type" content="image/jpeg" />
<script type="application/ld+json" class="yoast-schema-graph">{"@context":"https://schema.org","@graph":[{"@type":"WebSite","@id":"https://corpoguajira.gov.co/wp/#website","url":"https://corpoguajira.gov.co/wp/","name":"Corporación Autónoma Regional de La Guajira","description":"La Sostenibilidad Ambiental, un Compromiso de Todos","potentialAction":[{"@type":"SearchAction","target":{"@type":"EntryPoint","urlTemplate":"https://corpoguajira.gov.co/wp/?s={search_term_string}"},"query-input":"required name=search_term_string"}],"inLanguage":"es"},{"@type":"WebPage","@id":"https://www.corpoguajira.gov.co/wp/wp-content/uploads/2015/12/la-foto-2-3.jpg#webpage","url":"https://www.corpoguajira.gov.co/wp/wp-content/uploads/2015/12/la-foto-2-3.jpg","name":"la foto 2 (3) | Corpoguajira","isPartOf":{"@id":"https://corpoguajira.gov.co/wp/#website"},"datePublished":"2015-12-22T00:00:48+00:00","dateModified":"2015-12-22T00:00:48+00:00","breadcrumb":{"@id":"https://www.corpoguajira.gov.co/wp/wp-content/uploads/2015/12/la-foto-2-3.jpg#breadcrumb"},"inLanguage":"es","potentialAction":[{"@type":"ReadAction","target":["https://www.corpoguajira.gov.co/wp/wp-content/uploads/2015/12/la-foto-2-3.jpg"]}]},{"@type":"BreadcrumbList","@id":"https://www.corpoguajira.gov.co/wp/wp-content/uploads/2015/12/la-foto-2-3.jpg#breadcrumb","itemListElement":[{"@type":"ListItem","position":1,"name":"Corpoguajira","item":"https://corpoguajira.gov.co/wp/"},{"@type":"ListItem","position":2,"name":"Noticias","item":"https://corpoguajira.gov.co/wp/noticias/"},{"@type":"ListItem","position":3,"name":"Corpoguajira entregó a la Policía Nacional vehículo para unidad de rescate animal y protección de la biodiversidad","item":"https://corpoguajira.gov.co/wp/corpoguajira-entrego-a-la-policia-nacional-vehiculo-para-unidad-de-rescate-animal-y-proteccion-de-la-biodiversidad/"},{"@type":"ListItem","position":4,"name":"la foto 2 (3)"}]}]}</script>
<!-- / Yoast SEO plugin. -->

Corporación Autónoma Regional de La Guajira

Corpoguajira entregó a la Policía Nacional vehículo para unidad de rescate animal y protección de la biodiversidad
