{"id":7179,"date":"2016-04-06T09:39:43","date_gmt":"2016-04-06T14:39:43","guid":{"rendered":"http:\/\/corpoguajira.gov.co\/wp\/wp-content\/uploads\/2016\/04\/FOTO-A-NOTA-1-ABRIL-7-DE-20161.jpg"},"modified":"2016-04-06T09:39:43","modified_gmt":"2016-04-06T14:39:43","slug":"foto-a-nota-1-abril-7-de-2016-2","status":"inherit","type":"attachment","link":"https:\/\/corpoguajira.gov.co\/wp\/con-energia-solar-corpoguajira-suministra-agua-a-indigenas-comunidades-wayuu-de-manaure\/foto-a-nota-1-abril-7-de-2016-2\/","title":{"rendered":"FOTO A &#8211; NOTA 1 &#8211; ABRIL 7 DE 2016"},"author":4,"comment_status":"open","ping_status":"open","template":"","meta":[],"yoast_head":"<!-- This site is optimized with the Yoast SEO plugin v18.5.1 - https:\/\/yoast.com\/wordpress\/plugins\/seo\/ -->\n<title>FOTO A - NOTA 1 - ABRIL 7 DE 2016 | Corpoguajira<\/title>\n<meta name=\"robots\" content=\"index, follow, max-snippet:-1, max-image-preview:large, max-video-preview:-1\" \/>\n<link rel=\"canonical\" href=\"https:\/\/www.corpoguajira.gov.co\/wp\/wp-content\/uploads\/2016\/04\/FOTO-A-NOTA-1-ABRIL-7-DE-20161-e1459953771925.jpg\" \/>\n<meta property=\"og:locale\" content=\"es_ES\" \/>\n<meta property=\"og:type\" content=\"article\" \/>\n<meta property=\"og:title\" content=\"FOTO A - NOTA 1 - ABRIL 7 DE 2016 | Corpoguajira\" \/>\n<meta property=\"og:url\" content=\"https:\/\/www.corpoguajira.gov.co\/wp\/wp-content\/uploads\/2016\/04\/FOTO-A-NOTA-1-ABRIL-7-DE-20161-e1459953771925.jpg\" \/>\n<meta property=\"og:site_name\" content=\"Corporaci\u00f3n Aut\u00f3noma Regional de La Guajira\" \/>\n<meta property=\"og:image\" content=\"https:\/\/www.corpoguajira.gov.co\/wp\/wp-content\/uploads\/2016\/04\/FOTO-A-NOTA-1-ABRIL-7-DE-20161-e1459953771925.jpg\" \/>\n\t<meta property=\"og:image:width\" content=\"1827\" \/>\n\t<meta property=\"og:image:height\" content=\"1950\" \/>\n\t<meta property=\"og:image:type\" content=\"image\/jpeg\" \/>\n<script type=\"application\/ld+json\" class=\"yoast-schema-graph\">{\"@context\":\"https:\/\/schema.org\",\"@graph\":[{\"@type\":\"WebSite\",\"@id\":\"https:\/\/corpoguajira.gov.co\/wp\/#website\",\"url\":\"https:\/\/corpoguajira.gov.co\/wp\/\",\"name\":\"Corporaci\u00f3n Aut\u00f3noma Regional de La Guajira\",\"description\":\"La Sostenibilidad Ambiental, un Compromiso de Todos\",\"potentialAction\":[{\"@type\":\"SearchAction\",\"target\":{\"@type\":\"EntryPoint\",\"urlTemplate\":\"https:\/\/corpoguajira.gov.co\/wp\/?s={search_term_string}\"},\"query-input\":\"required name=search_term_string\"}],\"inLanguage\":\"es\"},{\"@type\":\"WebPage\",\"@id\":\"https:\/\/www.corpoguajira.gov.co\/wp\/wp-content\/uploads\/2016\/04\/FOTO-A-NOTA-1-ABRIL-7-DE-20161-e1459953771925.jpg#webpage\",\"url\":\"https:\/\/www.corpoguajira.gov.co\/wp\/wp-content\/uploads\/2016\/04\/FOTO-A-NOTA-1-ABRIL-7-DE-20161-e1459953771925.jpg\",\"name\":\"FOTO A - NOTA 1 - ABRIL 7 DE 2016 | Corpoguajira\",\"isPartOf\":{\"@id\":\"https:\/\/corpoguajira.gov.co\/wp\/#website\"},\"datePublished\":\"2016-04-06T14:39:43+00:00\",\"dateModified\":\"2016-04-06T14:39:43+00:00\",\"breadcrumb\":{\"@id\":\"https:\/\/www.corpoguajira.gov.co\/wp\/wp-content\/uploads\/2016\/04\/FOTO-A-NOTA-1-ABRIL-7-DE-20161-e1459953771925.jpg#breadcrumb\"},\"inLanguage\":\"es\",\"potentialAction\":[{\"@type\":\"ReadAction\",\"target\":[\"https:\/\/www.corpoguajira.gov.co\/wp\/wp-content\/uploads\/2016\/04\/FOTO-A-NOTA-1-ABRIL-7-DE-20161-e1459953771925.jpg\"]}]},{\"@type\":\"BreadcrumbList\",\"@id\":\"https:\/\/www.corpoguajira.gov.co\/wp\/wp-content\/uploads\/2016\/04\/FOTO-A-NOTA-1-ABRIL-7-DE-20161-e1459953771925.jpg#breadcrumb\",\"itemListElement\":[{\"@type\":\"ListItem\",\"position\":1,\"name\":\"Corpoguajira\",\"item\":\"https:\/\/corpoguajira.gov.co\/wp\/\"},{\"@type\":\"ListItem\",\"position\":2,\"name\":\"Noticias\",\"item\":\"https:\/\/corpoguajira.gov.co\/wp\/noticias\/\"},{\"@type\":\"ListItem\",\"position\":3,\"name\":\"Con energ\u00eda solar Corpoguajira suministra agua a ind\u00edgenas comunidades way\u00fau de Manaure\",\"item\":\"https:\/\/corpoguajira.gov.co\/wp\/con-energia-solar-corpoguajira-suministra-agua-a-indigenas-comunidades-wayuu-de-manaure\/\"},{\"@type\":\"ListItem\",\"position\":4,\"name\":\"FOTO A &#8211; NOTA 1 &#8211; ABRIL 7 DE 2016\"}]}]}<\/script>\n<!-- \/ Yoast SEO plugin. -->","yoast_head_json":{"title":"FOTO A - NOTA 1 - ABRIL 7 DE 2016 | Corpoguajira","robots":{"index":"index","follow":"follow","max-snippet":"max-snippet:-1","max-image-preview":"max-image-preview:large","max-video-preview":"max-video-preview:-1"},"canonical":"https:\/\/www.corpoguajira.gov.co\/wp\/wp-content\/uploads\/2016\/04\/FOTO-A-NOTA-1-ABRIL-7-DE-20161-e1459953771925.jpg","og_locale":"es_ES","og_type":"article","og_title":"FOTO A - NOTA 1 - ABRIL 7 DE 2016 | Corpoguajira","og_url":"https:\/\/www.corpoguajira.gov.co\/wp\/wp-content\/uploads\/2016\/04\/FOTO-A-NOTA-1-ABRIL-7-DE-20161-e1459953771925.jpg","og_site_name":"Corporaci\u00f3n Aut\u00f3noma Regional de La Guajira","og_image":[{"width":1827,"height":1950,"url":"https:\/\/www.corpoguajira.gov.co\/wp\/wp-content\/uploads\/2016\/04\/FOTO-A-NOTA-1-ABRIL-7-DE-20161-e1459953771925.jpg","type":"image\/jpeg"}],"schema":{"@context":"https:\/\/schema.org","@graph":[{"@type":"WebSite","@id":"https:\/\/corpoguajira.gov.co\/wp\/#website","url":"https:\/\/corpoguajira.gov.co\/wp\/","name":"Corporaci\u00f3n Aut\u00f3noma Regional de La Guajira","description":"La Sostenibilidad Ambiental, un Compromiso de Todos","potentialAction":[{"@type":"SearchAction","target":{"@type":"EntryPoint","urlTemplate":"https:\/\/corpoguajira.gov.co\/wp\/?s={search_term_string}"},"query-input":"required name=search_term_string"}],"inLanguage":"es"},{"@type":"WebPage","@id":"https:\/\/www.corpoguajira.gov.co\/wp\/wp-content\/uploads\/2016\/04\/FOTO-A-NOTA-1-ABRIL-7-DE-20161-e1459953771925.jpg#webpage","url":"https:\/\/www.corpoguajira.gov.co\/wp\/wp-content\/uploads\/2016\/04\/FOTO-A-NOTA-1-ABRIL-7-DE-20161-e1459953771925.jpg","name":"FOTO A - NOTA 1 - ABRIL 7 DE 2016 | Corpoguajira","isPartOf":{"@id":"https:\/\/corpoguajira.gov.co\/wp\/#website"},"datePublished":"2016-04-06T14:39:43+00:00","dateModified":"2016-04-06T14:39:43+00:00","breadcrumb":{"@id":"https:\/\/www.corpoguajira.gov.co\/wp\/wp-content\/uploads\/2016\/04\/FOTO-A-NOTA-1-ABRIL-7-DE-20161-e1459953771925.jpg#breadcrumb"},"inLanguage":"es","potentialAction":[{"@type":"ReadAction","target":["https:\/\/www.corpoguajira.gov.co\/wp\/wp-content\/uploads\/2016\/04\/FOTO-A-NOTA-1-ABRIL-7-DE-20161-e1459953771925.jpg"]}]},{"@type":"BreadcrumbList","@id":"https:\/\/www.corpoguajira.gov.co\/wp\/wp-content\/uploads\/2016\/04\/FOTO-A-NOTA-1-ABRIL-7-DE-20161-e1459953771925.jpg#breadcrumb","itemListElement":[{"@type":"ListItem","position":1,"name":"Corpoguajira","item":"https:\/\/corpoguajira.gov.co\/wp\/"},{"@type":"ListItem","position":2,"name":"Noticias","item":"https:\/\/corpoguajira.gov.co\/wp\/noticias\/"},{"@type":"ListItem","position":3,"name":"Con energ\u00eda solar Corpoguajira suministra agua a ind\u00edgenas comunidades way\u00fau de Manaure","item":"https:\/\/corpoguajira.gov.co\/wp\/con-energia-solar-corpoguajira-suministra-agua-a-indigenas-comunidades-wayuu-de-manaure\/"},{"@type":"ListItem","position":4,"name":"FOTO A &#8211; NOTA 1 &#8211; ABRIL 7 DE 2016"}]}]}},"description":{"rendered":"<p class=\"attachment\"><a href='https:\/\/www.corpoguajira.gov.co\/wp\/wp-content\/uploads\/2016\/04\/FOTO-A-NOTA-1-ABRIL-7-DE-20161-e1459953771925.jpg' title=\"\" data-rl_title=\"\" class=\"rl-gallery-link\" data-rl_caption=\"\" data-rel=\"lightbox-gallery-0\"><img width=\"281\" height=\"300\" src=\"https:\/\/www.corpoguajira.gov.co\/wp\/wp-content\/uploads\/2016\/04\/FOTO-A-NOTA-1-ABRIL-7-DE-20161-e1459953771925-281x300.jpg\" class=\"attachment-medium size-medium\" alt=\"\" loading=\"lazy\" srcset=\"https:\/\/www.corpoguajira.gov.co\/wp\/wp-content\/uploads\/2016\/04\/FOTO-A-NOTA-1-ABRIL-7-DE-20161-e1459953771925-281x300.jpg 281w, https:\/\/www.corpoguajira.gov.co\/wp\/wp-content\/uploads\/2016\/04\/FOTO-A-NOTA-1-ABRIL-7-DE-20161-e1459953771925-959x1024.jpg 959w, https:\/\/www.corpoguajira.gov.co\/wp\/wp-content\/uploads\/2016\/04\/FOTO-A-NOTA-1-ABRIL-7-DE-20161-e1459953771925-600x640.jpg 600w, https:\/\/www.corpoguajira.gov.co\/wp\/wp-content\/uploads\/2016\/04\/FOTO-A-NOTA-1-ABRIL-7-DE-20161-e1459953771925-140x150.jpg 140w, https:\/\/www.corpoguajira.gov.co\/wp\/wp-content\/uploads\/2016\/04\/FOTO-A-NOTA-1-ABRIL-7-DE-20161-e1459953771925.jpg 1827w\" sizes=\"(max-width: 281px) 100vw, 281px\" \/><\/a><\/p>\n"},"caption":{"rendered":""},"alt_text":"","media_type":"image","mime_type":"image\/jpeg","media_details":{"width":1827,"height":1950,"file":"2016\/04\/FOTO-A-NOTA-1-ABRIL-7-DE-20161-e1459953771925.jpg","sizes":{"thumbnail":{"file":"FOTO-A-NOTA-1-ABRIL-7-DE-20161-e1459953771925-150x150.jpg","width":150,"height":150,"mime_type":"image\/jpeg","source_url":"https:\/\/www.corpoguajira.gov.co\/wp\/wp-content\/uploads\/2016\/04\/FOTO-A-NOTA-1-ABRIL-7-DE-20161-e1459953771925-150x150.jpg"},"medium":{"file":"FOTO-A-NOTA-1-ABRIL-7-DE-20161-e1459953771925-281x300.jpg","width":281,"height":300,"mime_type":"image\/jpeg","source_url":"https:\/\/www.corpoguajira.gov.co\/wp\/wp-content\/uploads\/2016\/04\/FOTO-A-NOTA-1-ABRIL-7-DE-20161-e1459953771925-281x300.jpg"},"large":{"file":"FOTO-A-NOTA-1-ABRIL-7-DE-20161-e1459953771925-959x1024.jpg","width":959,"height":1024,"mime_type":"image\/jpeg","source_url":"https:\/\/www.corpoguajira.gov.co\/wp\/wp-content\/uploads\/2016\/04\/FOTO-A-NOTA-1-ABRIL-7-DE-20161-e1459953771925-959x1024.jpg"},"wysija-newsletters-max":{"file":"FOTO-A-NOTA-1-ABRIL-7-DE-20161-e1459953771925-600x640.jpg","width":600,"height":640,"mime_type":"image\/jpeg","source_url":"https:\/\/www.corpoguajira.gov.co\/wp\/wp-content\/uploads\/2016\/04\/FOTO-A-NOTA-1-ABRIL-7-DE-20161-e1459953771925-600x640.jpg"},"post-thumbnail":{"file":"FOTO-A-NOTA-1-ABRIL-7-DE-20161-e1459953771925-140x150.jpg","width":140,"height":150,"mime_type":"image\/jpeg","source_url":"https:\/\/www.corpoguajira.gov.co\/wp\/wp-content\/uploads\/2016\/04\/FOTO-A-NOTA-1-ABRIL-7-DE-20161-e1459953771925-140x150.jpg"},"min-homepage":{"file":"FOTO-A-NOTA-1-ABRIL-7-DE-20161-e1459953771925-360x200.jpg","width":360,"height":200,"mime_type":"image\/jpeg","source_url":"https:\/\/www.corpoguajira.gov.co\/wp\/wp-content\/uploads\/2016\/04\/FOTO-A-NOTA-1-ABRIL-7-DE-20161-e1459953771925-360x200.jpg"},"featured":{"file":"FOTO-A-NOTA-1-ABRIL-7-DE-20161-e1459953771925-685x350.jpg","width":685,"height":350,"mime_type":"image\/jpeg","source_url":"https:\/\/www.corpoguajira.gov.co\/wp\/wp-content\/uploads\/2016\/04\/FOTO-A-NOTA-1-ABRIL-7-DE-20161-e1459953771925-685x350.jpg"},"full":{"file":"FOTO-A-NOTA-1-ABRIL-7-DE-20161-e1459953771925.jpg","width":1827,"height":1950,"mime_type":"image\/jpeg","source_url":"https:\/\/www.corpoguajira.gov.co\/wp\/wp-content\/uploads\/2016\/04\/FOTO-A-NOTA-1-ABRIL-7-DE-20161-e1459953771925.jpg"}},"image_meta":{"aperture":2.399999999999999911182158029987476766109466552734375,"credit":"","camera":"SM-A300M","caption":"","created_timestamp":1458050923,"copyright":"","focal_length":"3.3","iso":"50","shutter_speed":"0.00031152647975078","title":""}},"post":7178,"source_url":"https:\/\/www.corpoguajira.gov.co\/wp\/wp-content\/uploads\/2016\/04\/FOTO-A-NOTA-1-ABRIL-7-DE-20161-e1459953771925.jpg","_links":{"self":[{"href":"https:\/\/corpoguajira.gov.co\/wp\/wp-json\/wp\/v2\/media\/7179"}],"collection":[{"href":"https:\/\/corpoguajira.gov.co\/wp\/wp-json\/wp\/v2\/media"}],"about":[{"href":"https:\/\/corpoguajira.gov.co\/wp\/wp-json\/wp\/v2\/types\/attachment"}],"author":[{"embeddable":true,"href":"https:\/\/corpoguajira.gov.co\/wp\/wp-json\/wp\/v2\/users\/4"}],"replies":[{"embeddable":true,"href":"https:\/\/corpoguajira.gov.co\/wp\/wp-json\/wp\/v2\/comments?post=7179"}]}}

<!-- This site is optimized with the Yoast SEO plugin v18.5.1 - https://yoast.com/wordpress/plugins/seo/ -->
<title>FOTO A - NOTA 1 - ABRIL 7 DE 2016 | Corpoguajira</title>
<meta name="robots" content="index, follow, max-snippet:-1, max-image-preview:large, max-video-preview:-1" />
<link rel="canonical" href="https://www.corpoguajira.gov.co/wp/wp-content/uploads/2016/04/FOTO-A-NOTA-1-ABRIL-7-DE-20161-e1459953771925.jpg" />
<meta property="og:locale" content="es_ES" />
<meta property="og:type" content="article" />
<meta property="og:title" content="FOTO A - NOTA 1 - ABRIL 7 DE 2016 | Corpoguajira" />
<meta property="og:url" content="https://www.corpoguajira.gov.co/wp/wp-content/uploads/2016/04/FOTO-A-NOTA-1-ABRIL-7-DE-20161-e1459953771925.jpg" />
<meta property="og:site_name" content="Corporación Autónoma Regional de La Guajira" />
<meta property="og:image" content="https://www.corpoguajira.gov.co/wp/wp-content/uploads/2016/04/FOTO-A-NOTA-1-ABRIL-7-DE-20161-e1459953771925.jpg" />
	<meta property="og:image:width" content="1827" />
	<meta property="og:image:height" content="1950" />
	<meta property="og:image:type" content="image/jpeg" />
<script type="application/ld+json" class="yoast-schema-graph">{"@context":"https://schema.org","@graph":[{"@type":"WebSite","@id":"https://corpoguajira.gov.co/wp/#website","url":"https://corpoguajira.gov.co/wp/","name":"Corporación Autónoma Regional de La Guajira","description":"La Sostenibilidad Ambiental, un Compromiso de Todos","potentialAction":[{"@type":"SearchAction","target":{"@type":"EntryPoint","urlTemplate":"https://corpoguajira.gov.co/wp/?s={search_term_string}"},"query-input":"required name=search_term_string"}],"inLanguage":"es"},{"@type":"WebPage","@id":"https://www.corpoguajira.gov.co/wp/wp-content/uploads/2016/04/FOTO-A-NOTA-1-ABRIL-7-DE-20161-e1459953771925.jpg#webpage","url":"https://www.corpoguajira.gov.co/wp/wp-content/uploads/2016/04/FOTO-A-NOTA-1-ABRIL-7-DE-20161-e1459953771925.jpg","name":"FOTO A - NOTA 1 - ABRIL 7 DE 2016 | Corpoguajira","isPartOf":{"@id":"https://corpoguajira.gov.co/wp/#website"},"datePublished":"2016-04-06T14:39:43+00:00","dateModified":"2016-04-06T14:39:43+00:00","breadcrumb":{"@id":"https://www.corpoguajira.gov.co/wp/wp-content/uploads/2016/04/FOTO-A-NOTA-1-ABRIL-7-DE-20161-e1459953771925.jpg#breadcrumb"},"inLanguage":"es","potentialAction":[{"@type":"ReadAction","target":["https://www.corpoguajira.gov.co/wp/wp-content/uploads/2016/04/FOTO-A-NOTA-1-ABRIL-7-DE-20161-e1459953771925.jpg"]}]},{"@type":"BreadcrumbList","@id":"https://www.corpoguajira.gov.co/wp/wp-content/uploads/2016/04/FOTO-A-NOTA-1-ABRIL-7-DE-20161-e1459953771925.jpg#breadcrumb","itemListElement":[{"@type":"ListItem","position":1,"name":"Corpoguajira","item":"https://corpoguajira.gov.co/wp/"},{"@type":"ListItem","position":2,"name":"Noticias","item":"https://corpoguajira.gov.co/wp/noticias/"},{"@type":"ListItem","position":3,"name":"Con energía solar Corpoguajira suministra agua a indígenas comunidades wayúu de Manaure","item":"https://corpoguajira.gov.co/wp/con-energia-solar-corpoguajira-suministra-agua-a-indigenas-comunidades-wayuu-de-manaure/"},{"@type":"ListItem","position":4,"name":"FOTO A &#8211; NOTA 1 &#8211; ABRIL 7 DE 2016"}]}]}</script>
<!-- / Yoast SEO plugin. -->

Corporación Autónoma Regional de La Guajira

Con energía solar Corpoguajira suministra agua a indígenas comunidades wayúu de Manaure
